e 6, what is 52121531 + 12?
52121543
In base 5, what is 44012401 + 20?
44012421
In base 2, what is -10010 - 1111001101011111101101?
-1111001101011111111111
In base 16, what is -8164f - -9?
-81646
In base 5, what is -332 + 14213021?
14212134
In base 4, what is 302023130311 - -103?
302023131020
In base 3, what is 121120000101 - 1?
121120000100
In base 3, what is -202110 + -10010?
-212120
In base 3, what is 22 + 211100102122220?
211100102200012
In base 16, what is 2d4 + -18445?
-18171
In base 15, what is 467b + 1884?
6010
In base 10, what is 12977723 + 14?
12977737
In base 5, what is -3 + -4042213443?
-4042214001
In base 11, what is -41 - 4a54?
-4a95
In base 16, what is -745e082 + -2?
-745e084
In base 11, what is -777 + 18128?
17461
In base 9, what is -2370064 - 40?
-2370114
In base 3, what is -1122120120210 - 202021?
-1122121100001
In base 11, what is -166902 - -2181?
-164731
In base 5, what is -2031402001 + 0?
-2031402001
In base 10, what is 4 + 89020886?
89020890
In base 8, what is -51 + 2067150?
2067077
In base 2, what is -1 + -100011111010011100101001?
-100011111010011100101010
In base 16, what is -9b8 + 13d3d?
13385
In base 11, what is -83a9 - -220?
-8189
In base 12, what is -26a99 - 32?
-26b0b
In base 13, what is -43 - -89b63a?
89b5c7
In base 11, what is 640973 + 0?
640973
In base 15, what is 84e36 + -17?
84e1e
In base 5, what is 1331 + 2004343024?
2004344410
In base 6, what is -1053255 + -3344?
-1101043
In base 14, what is 42 - 1806?
-17a4
In base 8, what is 2225 - -30744?
33171
In base 8, what is 44 + 607101?
607145
In base 14, what is 1170 - -79c3?
8b53
In base 11, what is -1 - 47540a?
-475410
In base 7, what is -215 - -10652056?
10651541
In base 10, what is 3583 + 111633?
115216
In base 14, what is -10 - -191a90?
191a80
In base 7, what is -3231 - -11050?
4516
In base 11, what is 40265a + 15?
402674
In base 10, what is -172469 + -47?
-172516
In base 16, what is -5806e4 + -7?
-5806eb
In base 16, what is 11a4 - 8c28?
-7a84
In base 13, what is -4c32313 - -1c?
-4c322c4
In base 6, what is -1541421 + 15453?
-1521524
In base 10, what is -5 - 86693934?
-86693939
In base 10, what is 747 - -8989?
9736
In base 15, what is -708dca3 + -3?
-708dca6
In base 8, what is 245725 - 31?
245674
In base 7, what is 115 + -1131052?
-1130634
In base 13, what is -2a1364 - a?
-2a1371
In base 12, what is 35736 - -5?
3573b
In base 15, what is -2 - -c131ad?
c131ab
In base 14, what is 18b89148 - -3?
18b8914b
In base 12, what is -177 + 331b?
3164
In base 9, what is -5 + -624652728?
-624652734
In base 7, what is 5516 - 2344?
3142
In base 12, what is -1b09592 + 1?
-1b09591
In base 13, what is -5441 - -a42?
-46cc
In base 3, what is 102022 - 1020102222110?
-1020102120011
In base 5, what is 24140 - -1321313?
1401003
In base 4, what is -333233120230 - -10?
-333233120220
In base 4, what is -1100221 - -120221?
-320000
In base 6, what is 224023 - 340520?
-112453
In base 15, what is bd - 7e55a?
-7e48c
In base 8, what is -1022632 - 42?
-1022674
In base 5, what is 4 - 30222033024?
-30222033020
In base 4, what is 11 - -1303002201001?
1303002201012
In base 12, what is 1099a - -a222?
1b000
In base 16, what is 1554ce + -15?
1554b9
In base 2, what is 11010110110011 + 1100000001010?
100110110111101
In base 11, what is -86094 + 86?
-86009
In base 12, what is -2aaa98b - 27?
-2aaa9b6
In base 15, what is -6e0344 - -8?
-6e033b
In base 4, what is -13 + 13210010?
13203331
In base 7, what is 2 - -5661545?
5661550
In base 5, what is 134423044 - 130?
134422414
In base 12, what is 105670 - -1979?
107429
In base 3, what is -2011001010002220 + -2?
-2011001010002222
In base 15, what is 14 - -52e71?
52e85
In base 6, what is -254 + 3524232?
3523534
In base 13, what is -4725a08 + -5?
-4725a10
In base 4, what is 333231020203 - 23?
333231020120
In base 2, what is 1011001000011010110111 + -11011001?
1011001000010111011110
In base 14, what is 33c5 - 8c5d?
-5878
In base 4, what is -2102311232323 - 10?
-2102311232333
In base 3, what is -200 + -2120222112210202?
-2120222112211102
In base 5, what is 3400100213 + 22?
3400100240
In base 9, what is -12728204 + -70?
-12728274
In base 16, what is -384 - -a8d44?
a89c0
In base 6, what is 1454532414 + -140?
1454532234
In base 14, what is 2748d277 - 3?
2748d274
In base 13, what is 12b8921 + -5?
12b8919
In base 8, what is -7 + 5000273?
5000264
In base 11, what is -25904377 + 2?
-25904375
In base 5, what is 24342 - -11144123?
11224020
In base 9, what is 3088017 - -14?
3088032
In base 2, what is 10101100001110 - 10111001?
10101001010101
In base 8, what is -2 - 706172?
-706174
In base 3, what is -12021022 - -1010120?
-11010202
In base 9, what is 64076367 + -23?
64076344
In base 7, what is 65450251 - 6?
65450242
In base 13, what is 163a99 - -2?
163a9b
In base 9, what is 4 + -22726141?
-22726136
In base 12, what is -1053b - 512?
-10a51
In base 10, what is 7 - 61039049?
-61039042
In base 2, what is -100010001101100110100101 + 1001?
-100010001101100110011100
In base 15, what is 9 - 98b20?
-98b16
In base 3, what is 1012 + 120012222101?
120020000120
In base 10, what is -10 + 39678423?
39678413
In base 12, what is -16 + -2bb58?
-2bb72
In base 16, what is -dca9380 + -2?
-dca9382
In base 7, what is 2 - 540343011?
-540343006
In base 15, what is 2d91 - -3a4d?
68de
In base 13, what is -201 - -2b034?
2ab33
In base 3, what is 110100220201 - 121?
110100220010
In base 4, what is -11 + 3231003032323?
3231003032312
In base 3, what is -112020211 - 1011220?
-120102201
In base 6, what is -11441553511 - 5?
-11441553520
In base 15, what is 2 + 112054?
112056
In base 7, what is -13023 + 4531?
-5162
In base 15, what is 3044d + -42?
3040b
In base 7, what is 566123023 + -2?
566123021
In base 13, what is 24c94 - a8?
24bb9
In base 7, what is 12 - -1631045?
1631060
In base 2, what is -110100010101000111001110 + -101?
-110100010101000111010011
In base 7, what is 465621 - 235?
465353
In base 3, what is 111021011 + 11122120?
122220201
In base 7, what is -6 - 2161500301?
-2161500310
In base 12, what is 0 + 202777?
202777
In base 12, what is -1438b89b - 4?
-1438b8a3
In base 11, what is 0 - 14677071?
-14677071
In base 16, what is f94e - 294?
f6ba
In base 16, what is 179 + -12b7?
-113e
In base 16, what is -4 + 9dc6b7?
9dc6b3
In base 5, what is -1344 - -13131013?
13124114
In base 4, what is -10 + -1321002332133?
-1321002332203
In base 11, what is -62 - 9007?
-9069
In base 13, what is -8 + -4424475?
-4424480
In base 15, what is -6 + 2615a82?
2615a7b
In base 15, what is -2 - -111a612?
111a610
In base 16, what is -1 - 12db47e?
-12db47f
In base 9, what is -1 + -1061486?
-1061487
In base 6, what is -412021 + 11?
-412010
In base 6, what is 11 - 414130215?
-414130204
In base 3, what is 200211102120 - 1102211?
200202222202
In base 11, what is a30 - 4a27?
-3aa7
In base 9, what is 10 + 307558515?
307558525
In base 10, what is 1096 + 2183?
3279
In base 2, what is -101100100000 - 11010010000?
-1000110110000
In base 9, what is -35 - -2114727?
2114682
In base 13, what is -56 + 22a?
1a4
In base 10, what is 2437681 - -3?
2437684
In base 9, what is 3 - 22444886?
-22444883
In base 14, what is 7b60 - -a60?
87c0
In base 13, what is -3100c556 - -3?
-3100c553
In base 4, what is -112202 - 232000030?
-232112232
In base 11, what is -11 + -331543?
-331554
In base 5, what is 23004 + -2202420?
-2124411
In base 14, what is -6 + 146b077?
146b071
In base 4, what is -23 + 10102302221?
10102302132
In base 5, what is 134211144 + -10?
134211134
In base 7, what is 23640253 - 214?
23640036
In base 8, what is 457660 + -5?
457653
In base 6, what is -2440 + -1303012?
-1305452
In base 14, what is -1 + -132c283?
-132c284
In base 3, what is -212 + -1000101102212?
-1000101110201
In base 13, what is 1ac + 11c819?
11c9c8
In base 10, what is -1124518 + 83?
-1124435
In base 15, what is 687c + 89a?
7227
In base 15, what is 0 - 22acb05?
-22acb05
In base 5, what is 3000 + 24320?
32320
In base 14, what is -193438a4 + 4?
-193438a0
In base 11, what is 136637 + 7a?
136706
In base 7, what is -14 - 12661231?
-12661245
In base 6, what is -34023455 + 1305?
-34022150
In base 14, what is -15 - -61bc8?
61bb3
In base 9, what is -3731573040 - 5?
-3731573045
In base 13, what is c2685a20 - 3?
c2685a1a
In base 2, what is 111000101001001101010 - 101?
111000101001001100101
